mon divisor of 3519 and 85.
17
What is the highest common divisor of 180 and 260?
20
What is the highest common factor of 118 and 1593?
59
What is the highest common factor of 168 and 600?
24
Calculate the highest common divisor of 818 and 8.
2
Calculate the greatest common divisor of 40880 and 70.
70
Calculate the highest common factor of 182 and 98.
14
What is the greatest common divisor of 72 and 232?
8
Calculate the highest common factor of 591 and 19109.
197
Calculate the greatest common factor of 360 and 48.
24
Calculate the greatest common factor of 156 and 10452.
156
Calculate the highest common factor of 10 and 2290.
10
What is the highest common divisor of 5 and 54?
1
Calculate the highest common divisor of 411 and 1370.
137
What is the highest common factor of 47766 and 114?
114
What is the highest common factor of 4425 and 25?
25
Calculate the greatest common divisor of 43 and 817.
43
What is the greatest common divisor of 658 and 188?
94
Calculate the greatest common factor of 14 and 105.
7
What is the highest common factor of 4630 and 10?
10
Calculate the highest common factor of 36 and 96.
12
What is the highest common divisor of 2 and 17?
1
What is the greatest common factor of 447 and 51?
3
What is the highest common divisor of 207 and 115?
23
Calculate the highest common divisor of 253 and 44.
11
Calculate the greatest common divisor of 20 and 860.
20
What is the greatest common factor of 782 and 204?
34
Calculate the highest common divisor of 41436 and 9.
9
What is the greatest common factor of 39 and 4251?
39
Calculate the highest common factor of 23 and 1817.
23
What is the highest common factor of 2828 and 32?
4
What is the highest common factor of 144 and 72?
72
What is the highest common factor of 94 and 4?
2
Calculate the highest common divisor of 3871 and 49.
49
What is the greatest common factor of 506 and 92?
46
What is the highest common divisor of 13 and 1937?
13
What is the highest common factor of 77 and 44?
11
Calculate the highest common factor of 294 and 672.
42
What is the highest common factor of 10 and 1810?
10
Calculate the greatest common divisor of 11036 and 62.
62
Calculate the highest common factor of 6 and 57.
3
What is the greatest common divisor of 144 and 10?
2
What is the greatest common factor of 143 and 26?
13
Calculate the greatest common divisor of 370 and 20.
10
What is the highest common divisor of 86 and 4?
2
What is the highest common divisor of 29202 and 186?
186
Calculate the greatest common divisor of 57 and 45.
3
Calculate the highest common factor of 56 and 896.
56
Calculate the highest common factor of 5 and 1800.
5
Calculate the highest common divisor of 60 and 2490.
30
Calculate the greatest common factor of 143 and 55.
11
What is the greatest common factor of 39 and 923?
13
Calculate the greatest common divisor of 1806 and 3.
3
What is the highest common factor of 120 and 90?
30
What is the greatest common factor of 55 and 143?
11
What is the greatest common divisor of 552 and 96?
24
What is the greatest common divisor of 156 and 234?
78
What is the highest common divisor of 80 and 48?
16
Calculate the highest common divisor of 18 and 1674.
18
Calculate the highest common factor of 64 and 2.
2
What is the greatest common factor of 41259 and 51?
51
What is the greatest common factor of 120 and 280?
40
What is the highest common factor of 70 and 70?
70
What is the highest common factor of 575 and 69?
23
Calculate the highest common divisor of 7448 and 336.
56
Calculate the greatest common factor of 16 and 190.
2
Calculate the highest common divisor of 1064 and 399.
133
Calculate the highest common divisor of 51 and 714.
51
What is the highest common divisor of 975 and 39?
39
Calculate the highest common divisor of 104 and 3874.
26
What is the highest common factor of 76 and 1539?
19
What is the highest common factor of 5343 and 3?
3
What is the greatest common factor of 1638 and 525?
21
Calculate the highest common divisor of 5 and 755.
5
What is the highest common divisor of 125 and 25?
25
Calculate the greatest common divisor of 14815 and 10.
5
What is the greatest common divisor of 6 and 3360?
6
What is the greatest common factor of 39 and 14781?
39
Calculate the greatest common factor of 1060 and 100.
20
What is the greatest common factor of 112 and 665?
7
Calculate the greatest common divisor of 96 and 348.
12
What is the greatest common factor of 166 and 18094?
166
Calculate the greatest common divisor of 66 and 6.
6
What is the highest common factor of 300 and 648?
12
Calculate the greatest common divisor of 80 and 296.
8
What is the highest common divisor of 60 and 250?
10
What is the highest common factor of 22 and 4279?
11
Calculate the highest common divisor of 16 and 148.
4
Calculate the highest common factor of 28 and 4.
4
Calculate the greatest common factor of 270 and 36.
18
What is the greatest common factor of 24 and 417?
3
What is the highest common divisor of 159 and 371?
53
Calculate the greatest common factor of 7353 and 171.
171
What is the greatest common divisor of 294 and 2499?
147
Calculate the greatest common divisor of 43 and 2.
1
What is the greatest common divisor of 1230 and 30?
30
Calculate the greatest common divisor of 400 and 480.
80
What is the greatest common factor of 12 and 12?
12
Calculate the highest common factor of 10921 and 67.
67
Calculate the highest common divisor of 780 and 845.
65
Calculate the highest common factor of 24 and 30.
6
What is the greatest common factor of 31845 and 165?
165
What is the highest common divisor of 66336 and 12?
12
Calculate the highest common factor of 171 and 95.
19
Calculate the highest common factor of 19 and 1767.
19
What is the highest common divisor of 68 and 102?
34
Calculate the greatest common divisor of 9 and 801.
9
Calculate the highest common factor of 231 and 396.
33
What is the highest common factor of 266 and 988?
38
What is the highest common divisor of 1748 and 368?
92
What is the greatest common divisor of 611 and 169?
13
Calculate the highest common divisor of 6 and 7278.
6
What is the greatest common factor of 25727 and 13?
13
Calculate the highest common factor of 765 and 17.
17
What is the greatest common factor of 38 and 475?
19
Calculate the highest common divisor of 10 and 11.
1
Calculate the highest common factor of 42 and 39.
3
Calculate the highest common divisor of 6 and 1797.
3
What is the highest common divisor of 124 and 3751?
31
What is the highest common divisor of 135 and 189?
27
What is the greatest common divisor of 4266 and 1106?
158
What is the highest common divisor of 7 and 217?
7
Calculate the greatest common divisor of 68 and 2924.
68
Calculate the greatest common factor of 119 and 7.
7
What is the greatest common factor of 885 and 45?
15
What is the greatest common factor of 2 and 298?
2
What is the highest common factor of 75 and 600?
75
What is the greatest common factor of 532 and 28?
28
What is the highest common divisor of 228 and 24?
12
Calculate the greatest common divisor of 11 and 26213.
11
What is the greatest common factor of 1005 and 2613?
201
Calculate the greatest common divisor of 28 and 7.
7
Calculate the greatest common divisor of 168 and 882.
42
Calculate the greatest common factor of 14463 and 9.
9
Calculate the highest common divisor of 129 and 2580.
129
Calculate the greatest common divisor of 96 and 976.
16
Calculate the greatest common divisor of 440 and 140.
20
Calculate the greatest common factor of 336 and 96.
48
What is the highest common divisor of 4437 and 204?
51
Calculate the greatest common factor of 16 and 1592.
8
What is the greatest common factor of 6981 and 78?
39
Calculate the greatest common factor of 120 and 80.
40
What is the greatest common divisor of 51 and 34?
17
What is the greatest common divisor of 1036 and 148?
148
What is the highest common factor of 4148 and 68?
68
What is the highest common divisor of 4331 and 61?
61
What is the greatest common divisor of 15 and 80?
5
Calculate the highest common divisor of 42 and 6.
6
Calculate the highest common divisor of 1375 and 22.
11
Calculate the highest common divisor of 24 and 6648.
24
What is the highest common divisor of 14 and 35?
7
Calculate the highest common f